 - 7. Is b(g) composite?
False
Suppose n + 5*z = 11932 + 2172, 3*z + 42348 = 3*n. Is n composite?
True
Suppose 3*r = 3*o - 2*o - 27, -5*o + 23 = -r. Is ((-5514)/(-24))/(22/r - -3) a composite number?
False
Let s = -2049 - -4016. Is s a prime number?
False
Let q be (-2)/(0/2 - 1). Suppose -8 = 6*w - q*w, -10 = -3*b + 2*w. Suppose 3*c = b*c - u + 10, -3*c + 4*u = -37. Is c a composite number?
False
Let f be 378/12 + 6/4. Let y = f + 2. Is y a prime number?
False
Suppose 2 + 6 = 4*o, 4*q - 12 = -2*o. Suppose q = 3*s - 4. Suppose 0 = s*w - 236 + 62. Is w a prime number?
False
Suppose -u + 5*u + 4*d - 20 = 0, -10 = 5*u - 2*d. Is -3*(u + 1) - -254 composite?
False
Let h = 5 + 40. Let x be (4/(-6))/((-6)/h). Suppose -2400 = -x*b + 1315. Is b prime?
True
Suppose -4*y = -3*d - 28, 4*y + 8 = y - 5*d. Suppose -y*q + 9 = -23. Let b(x) = 2*x**2 - 11*x - 2. Is b(q) prime?
False
Suppose 4*p - c = -8222, 4*c = 13 - 5. Let g be ((-1)/((-30)/9 + 3))/3. Is -2 + p/(g + -4) prime?
True
Let o(n) = -6*n**3 + 3*n**2 + 8*n + 3. Let z(v) = 8 + 4*v - 3*v**3 + 2*v**2 + 1 - 7. Let r(x) = -2*o(x) + 5*z(x). Is r(-3) a prime number?
True
Suppose -5*a + 121270 + 79200 = 0. Is a composite?
True
Suppose 2*q - 1148 - 354 = 0. Let x = 1460 - q. Let h = -330 + x. Is h a prime number?
True
Let f be (2337/(-95))/((-1)/5). Is f - 6*8/(-12) a prime number?
True
Let t = 8 + -13. Let u(a) = -3*a**2 - 12 + 21 + 10*a - 15 + 9*a**2. Is u(t) a composite number?
True
Suppose -3*d + 4681 = -4*s, 2*d - d - 1560 = s. Is d a prime number?
True
Let b = 3189 - 1851. Suppose -b = -3*f - 5*n, 5*f - 3456 = -3*n - 1226. Is f a composite number?
True
Let l(d) = -d. Let s(k) = -11*k - 2*k - 2*k - 2. Let j(b) = 4*l(b) - s(b). Is j(7) a prime number?
True
Let w(n) = 118*n**2 + 8*n + 4. Let k be w(4). Suppose 0 = -2*y + 6*y - 5*t + k, 2*t + 8 = 0. Let h = y - -883. Is h a prime number?
True
Let n(x) = -6*x - 2. Let m(s) be the first derivative of s + 5. Let i(y) = 3*m(y) - n(y). Is i(8) a prime number?
True
Suppose g - 12 = -2*g. Suppose 10*v - 3654 = 3*v. Suppose -v = -g*h + 274. Is h a composite number?
False
Let v(g) = g**2 + 6. Let p(c) = c + 2. Let b = -13 - -6. Let m be p(b). Is v(m) a composite number?
False
Let f(i) = 12*i**3 - 7*i**2 - 19*i - 17. Is f(9) prime?
True
Suppose -20*q = -51*q + 518351. Is q a composite number?
True
Suppose 2*i - 20 = -4*z, -2*i - 2*i + 10 = 2*z. Suppose i = -15*s + 14*s + 58. Is s composite?
True
Let z(p) = -61*p**3 - p**2 - 8*p + 6. Let k be z(6). Let c be k/(-10) + 10/(-25). Let q = c + -804. Is q composite?
False
Let f(g) = -g**3 - 13*g**2 + 5*g + 13. Let o be f(-11). Let h be 2/(-6) + 3212/6. Let b = h + o. Is b prime?
True
Let l = -16 - -16. Suppose -3*j + 4*j + 785 = 3*c, 2*c + 3*j - 527 = l. Is c a prime number?
False
Let l = 11318 + -7375. Is l a prime number?
True
Suppose 5*z = 2*h + 33999, -3*z + 3*h = 6*h - 20412. Is z a prime number?
False
Suppose -g - 18 = -6*b + 2*b, -108 = 4*g + 2*b. Let s be 4/2 + 81/(-1). Let i = g - s. Is i composite?
False
Suppose 6*u = 5*u. Suppose 2*p - 1290 = -u*t + 2*t, -p - 5*t = -627. Suppose 5*d - 1263 = p. Is d prime?
False
Let p be (-4)/6*33/(-22). Let k(f) = -61*f**2 - 7*f + 7. Let l(b) = -30*b**2 - 3*b + 3. Let m(c) = 4*k(c) - 9*l(c). Is m(p) a composite number?
True
Let k(r) = 12*r**2 + 8*r + 1. Let p = -30 + 35. Is k(p) a prime number?
False
Suppose 0 = 5*u - 2*t - 22, -t = -u + 4*u - 11. Suppose -4*b + 5*b = 88. Suppose b = -u*m + 1412. Is m a prime number?
True
Let t be 5726/(-4)*(3 + -5 - 0). Suppose -u + 4*q - 2*q + 951 = 0, -3*u - 4*q = -t. Is u a prime number?
True
Suppose -8 = 4*q - 0*q, 0 = a + 3*q + 9. Let p(t) = -12*t**2 + 2*t - 3. Let y(w) = -11*w**2 + 2*w - 2. Let o(s) = 3*p(s) - 4*y(s). Is o(a) prime?
False
Let s = -1369 + 2246. Is s prime?
True
Is (2161/(-5))/(58/(-290)) a composite number?
False
Suppose 3*y - 8*y + 11030 = 0. Let a = 299 - -262. Suppose y = 4*o - n, -4*o + 3*o + a = -5*n. Is o a composite number?
True
Let y(f) = 1949*f**2 + 5*f - 27. Is y(-5) a prime number?
True
Let n(z) = -7*z + 53659. Is n(0) a composite number?
True
Let u = 17 + -9. Let m be u*(-2 - (-330)/4). Suppose -4*s = -m + 48. Is s prime?
True
Let p(f) = -2*f + 44. Is p(-7) a prime number?
False
Let y(k) = 96*k + 25. Is y(21) prime?
False
Is (2/(-2))/(213240/(-30462) - -7) composite?
False
Let t(g) = 6*g - 10. Let c be t(5). Let v = c - 16. Suppose 141 = 2*m - r, -v*r + 524 - 165 = 5*m. Is m composite?
False
Let u(i) = -i**3 - 3*i**2 + 4*i + 7. Let j be u(-4). Suppose -j*x + 10*x = 4395. Is x prime?
False
Let m be ((-20)/(-6))/((-2)/18). Let b = 35 + m. Let n(f) = 7*f**2 - 4*f - 6. Is n(b) a composite number?
False
Suppose 106*k + 110995 = 111*k. Is k composite?
True
Suppose 5*p = 4*u - 15, 2*p - 22 = -5*u + 5. Let o(g) = 467*g + 2. Is o(p) a composite number?
True
Suppose -4 = -4*r + 5*r, 4*r = -4*o + 45604. Is o a composite number?
True
Let w(l) = -7*l - 8 + 5*l**2 - l**2 - 4*l. Let m be w(9). Let q = m + -134. Is q prime?
True
Suppose -l = 131 - 131. Suppose l = -57*q + 58*q - 211. Is q a prime number?
True
Suppose -m = m - 4*d - 26, -65 = -5*m - 5*d. Suppose -3*p + 16 = -4*l, 0*l - 4*l = -2*p + 4. Suppose m*n = p*n + 71. Is n a prime number?
True
Suppose 5*q - 1355 = -5*n, -2*n + 558 = 3*q - 5*q. Suppose -p + 3*a = 4*a, -4*a = 3*p + 2. Suppose n = 7*g - p*g. Is g a composite number?
True
Let w(f) = -19*f + 2. Let o be w(-1). Is o/(-3)*(3 - 46) composite?
True
Let b(d) = d**3 + 10*d**2 + 10*d + 12. Let p be b(-9). Is -1*(786/(-2))/p composite?
False
Suppose -6*a - 103 = 107. Let b be (-196)/a - (-6)/(-10). Is (-8)/(-40) + 1284/b composite?
False
Suppose 3*g - 3*o = 15, -2*o = 3*g - 6*o - 17. Suppose -g*u - 2*u = 1355. Let k = 524 + u. Is k a composite number?
True
Suppose x - 3 = -2. Let k(g) be the first derivative of 96*g**2 - g - 1. Is k(x) a composite number?
False
Suppose 2*c = o - 368, -3*o + 0*c + 1097 = c. Suppose -u - 2*x + 396 = 0, u - o = 2*x + 42. Suppose -w - w = -u. Is w composite?
True
Let u = 526 - -2. Is 5/25 - u/(-10) composite?
False
Suppose 6*q = 4*q - 24. Is 3*2/q*-1594 prime?
True
Is -4471*(0 + -1 - 0) a composite number?
True
Suppose 0 = -5*r + 12 + 8. Is 2 + (1263 - r - 2) a prime number?
True
Suppose -4*u - 813 = -2885. Is -3*(3 + -4) + u*1 a composite number?
False
Let f(n) = n**3 + 8*n**2 - 6*n - 4 - 2*n**2 - 3*n**2. Is f(5) a composite number?
True
Let j(i) = -i**3 + i**2 + i. Let q be j(-1). Let b = q + -1. Suppose -5*p - 105 = -2*r + 55, b = -5*r - 4*p + 433. Is r a prime number?
False
Let t = -14 - -19. Suppose 5*g + t*r - 766 + 4501 = 0, 750 = -g - 4*r. Is 3/(-1 - 2) - g composite?
True
Suppose 0 = -30*m + 72*m - 816690. Is m prime?
False
Suppose 2*q - 15 - 51 = 0. Let b = q + 284. Is b prime?
True
Suppose 0*w = 3*w. Let p be 0 + w - 2 - 2. Let u = p + 14. Is u a composite number?
True
Suppose -7*a + 25 = 4*m - 4*a, a - 5 = -m. Suppose 5*x + 69 = 4*h, -2*h - 2*h + 62 = 2*x. Suppose -3*n - m = -f, -n + h = f - 2*n. Is f a prime number?
True
Suppose -20 = -4*b - b. Let n be 3689/34 - (-2)/b. Suppose -77 = -6*t + n. Is t composite?
False
Let a = 0 - -2. Suppose 0 = -a*u + 4*u - 4. Suppose 2*i - 212 = -u*i. Is i a composite number?
False
Is (2/6)/((-43)/(-2993703)) prime?
False
Suppose p - 1005 = -4*t, 3689 = 5*p - 2*t - 1270. Is p a prime number?
False
Let v(f) = f**3 - 22*f**2 + 2. Let s be v(22). Is s/(-1) + -1*1*-179 a composite number?
True
Let p(j) = -6303*j + 248. Is p(-7) a composite number?
True
Let a be -7*(-25 - -1)*1. Suppose -a = -2*m + 4*z + 166, -2*z = 6. Is m composite?
True
Suppose 57*m - 58*m + 6 = 0. Is m/(-2) + 1 - 33748/(-52) prime?
True
Let b be 74/(-9) - 4/(-18). Let a be 3 - 2 - (6 + b). Suppose -a*l = -5 - 40. Is l composite?
True
Suppose -229*u + 65277 = -228*u + 4*y, 2*u = -2*y + 130548. Is u a composite number?
True
Let g = -13 + 16. Let u(m) = -90*m - 2. Let t be u(-3). Suppose v - t = -g*v. Is v prime?
True
Is ((-6)/4)/((-120)/4546960) prime?
False
Let y(j) be the second derivative of 5*j**3/6 - 3*j**2 + 5*j. Let p be y(2). Suppose -3*v = -p*v + 301. Is v prime?
False
Let i = -109 - 241. Suppose 4*g + 6 = -2. Is (i - 1)/(-3) - g a prime number?
False
Let d(k) = 166*k**2 + 15. Is d(4) composite?
False
Let q = -40 - -52. Is 2319/q + (-3 - (-60)/16) a composite numbe